ten thousands digit of 211082341?
8
What is the billions digit of 1640743167?
1
What is the ten millions digit of 655353957?
5
What is the tens digit of 257312866?
6
What is the hundreds digit of 71486985?
9
What is the thousands digit of 93188718?
8
What is the ten thousands digit of 255885626?
8
What is the ten millions digit of 79750587?
7
What is the thousands digit of 5859429060?
9
What is the hundreds digit of 5309944?
9
What is the millions digit of 40087235?
0
What is the ten thousands digit of 110234458?
3
What is the hundreds digit of 48101124?
1
What is the hundred thousands digit of 56036877?
0
What is the hundreds digit of 191430570?
5
What is the hundred millions digit of 935825631?
9
What is the ten thousands digit of 111177438?
7
What is the millions digit of 44590785?
4
What is the billions digit of 6283032999?
6
What is the tens digit of 5679183?
8
What is the ten millions digit of 1773093173?
7
What is the ten thousands digit of 397225679?
2
What is the units digit of 22258280?
0
What is the units digit of 1250190738?
8
What is the thousands digit of 5887364693?
4
What is the hundred thousands digit of 1342906400?
9
What is the units digit of 2703554652?
2
What is the millions digit of 563991558?
3
What is the hundred millions digit of 5818423860?
8
What is the hundred millions digit of 305129058?
3
What is the hundred thousands digit of 232490193?
4
What is the hundreds digit of 188151819?
8
What is the ten thousands digit of 61476993?
7
What is the units digit of 7371743?
3
What is the hundreds digit of 179967126?
1
What is the thousands digit of 2746995936?
5
What is the hundred thousands digit of 179299537?
2
What is the ten millions digit of 888034691?
8
What is the ten millions digit of 38218295?
3
What is the hundred thousands digit of 1047855219?
8
What is the ten thousands digit of 78094138?
9
What is the hundreds digit of 2058922362?
3
What is the ten thousands digit of 306469829?
6
What is the millions digit of 735850467?
5
What is the tens digit of 420491151?
5
What is the thousands digit of 172264235?
4
What is the thousands digit of 37503573?
3
What is the hundred millions digit of 6704590043?
7
What is the tens digit of 471042177?
7
What is the ten thousands digit of 2175481101?
8
What is the tens digit of 1735764461?
6
What is the hundred thousands digit of 22858799?
8
What is the hundred millions digit of 5082498533?
0
What is the hundred thousands digit of 1524067504?
0
What is the hundred millions digit of 1844406293?
8
What is the tens digit of 31822139?
3
What is the ten thousands digit of 779552402?
5
What is the hundred thousands digit of 143991654?
9
What is the hundred millions digit of 952658280?
9
What is the tens digit of 44237485?
8
What is the millions digit of 222240766?
2
What is the units digit of 190037245?
5
What is the tens digit of 344830363?
6
What is the ten thousands digit of 40652141?
5
What is the ten millions digit of 59930878?
5
What is the hundreds digit of 62204963?
9
What is the hundred millions digit of 479008274?
4
What is the tens digit of 10384450?
5
What is the millions digit of 49031977?
9
What is the ten millions digit of 71380390?
7
What is the millions digit of 86095746?
6
What is the hundreds digit of 150683835?
8
What is the ten millions digit of 92443486?
9
What is the thousands digit of 80042917?
2
What is the hundreds digit of 34762147?
1
What is the tens digit of 418601139?
3
What is the hundred millions digit of 3914265168?
9
What is the hundred thousands digit of 220435213?
4
What is the hundreds digit of 94547459?
4
What is the ten thousands digit of 41340?
4
What is the hundred millions digit of 210950922?
2
What is the hundred millions digit of 4978989206?
9
What is the hundreds digit of 5126857711?
7
What is the ten millions digit of 130877669?
3
What is the hundred millions digit of 2475270454?
4
What is the ten millions digit of 4116771770?
1
What is the hundred thousands digit of 19670428?
6
What is the hundred thousands digit of 312161328?
1
What is the ten thousands digit of 2549015845?
1
What is the thousands digit of 3352656?
2
What is the hundred millions digit of 6691991662?
6
What is the tens digit of 243669095?
9
What is the ten millions digit of 72404556?
7
What is the billions digit of 1094032539?
1
What is the hundred thousands digit of 159287633?
2
What is the hundred thousands digit of 20287392?
2
What is the hundred millions digit of 127433966?
1
What is the millions digit of 58458514?
8
What is the thousands digit of 196820104?
0
What is the hundreds digit of 465616?
6
What is the billions digit of 3206316281?
3
What is the hundred millions digit of 4550725153?
5
What is the hundred thousands digit of 8731654?
7
What is the units digit of 130346995?
5
What is the thousands digit of 23642922?
2
What is the thousands digit of 2202044?
2
What is the ten millions digit of 5104650124?
0
What is the tens digit of 816077542?
4
What is the hundred thousands digit of 1941148449?
1
What is the hundreds digit of 3206604807?
8
What is the hundreds digit of 663159420?
4
What is the hundred millions digit of 139419862?
1
What is the hundred thousands digit of 1587098?
5
What is the tens digit of 114209940?
4
What is the millions digit of 781745904?
1
What is the hundred millions digit of 657813549?
6
What is the tens digit of 75263548?
4
What is the tens digit of 896155077?
7
What is the units digit of 783789179?
9
What is the units digit of 3972772572?
2
What is the hundred thousands digit of 161598243?
5
What is the thousands digit of 1106865916?
5
What is the thousands digit of 4414461?
4
What is the hundred thousands digit of 170037666?
0
What is the units digit of 36973248?
8
What is the ten millions digit of 1801672171?
0
What is the thousands digit of 1042482017?
2
What is the ten millions digit of 656642819?
5
What is the thousands digit of 12126916?
6
What is the hundred millions digit of 120321802?
1
What is the thousands digit of 107888745?
8
What is the ten millions digit of 919981297?
1
What is the millions digit of 47201828?
7
What is the ten thousands digit of 9756824?
5
What is the tens digit of 1276126294?
9
What is the ten thousands digit of 990961158?
6
What is the thousands digit of 102206209?
6
What is the units digit of 5144293799?
9
What is the billions digit of 2066025476?
2
What is the hundreds digit of 11008650?
6
What is the billions digit of 6333817572?
6
What is the tens digit of 895213156?
5
What is the ten millions digit of 691380075?
9
What is the thousands digit of 1454915451?
5
What is the hundreds digit of 1910664474?
4
What is the units digit of 14604654?
4
What is the ten thousands digit of 43350426?
5
What is the thousands digit of 78398841?
8
What is the hundreds digit of 792199734?
7
What is the millions digit of 155298792?
5
What is the thousands digit of 41237547?
7
What is the tens digit of 360956638?
3
What is the hundreds digit of 33271271?
2
What is the hundred thousands digit of 3545578073?
5
What is the millions digit of 179222790?
9
What is the hundred thousands digit of 1209330577?
3
What is the millions digit of 100605286?
0
What is the units digit of 39856797?
7
What is the thousands digit of 2661731162?
1
What is the hundred thousands digit of 182334984?
3
What is the units digit of 355538048?
8
What is the hundred thousands digit of 609463944?
4
What is the tens digit of 193278767?
6
What is the millions digit of 81373966?
1
What is the millions digit of 62744066?
2
What is the hundreds digit of 596488236?
2
What is the hundred thousands digit of 374019498?
0
What is the hundred thousands digit of 37432691?
4
What is the units digit of 250261426?
6
What is the hundred thousands digit of 106181253?
1
What is the millions digit of 3642970373?
2
What is the hundreds digit of 1746509347?
3
What is the ten thousands digit of 2726762?
2
What is the hundred thousands digit of 54942441?
9
What is the units digit of 1225792519?
9
What is the millions digit of 367534012?
7
What is the ten thousands digit of 1204385179?
8
What is the ten thousands digit of 54940249?
4
What is the ten thousands digit of 47611267?
1
What is the hundred thousands digit of 120450353?
4
What is the thousands digit of 21736523?
6